{"id":100,"date":"2019-02-12T09:50:02","date_gmt":"2019-02-12T08:50:02","guid":{"rendered":"http:\/\/aiton-sc.fr\/?page_id=100"},"modified":"2025-09-08T14:18:40","modified_gmt":"2025-09-08T12:18:40","slug":"informations-dates-importantes-2","status":"publish","type":"page","link":"https:\/\/www.aiton-sc.fr\/index.php\/informations-dates-importantes-2\/","title":{"rendered":"Informations importantes"},"content":{"rendered":"<p>Ici sont regroup\u00e9es toutes les <strong>dates importantes<\/strong> que vous devez retenir.<\/p>\n<h2><strong><span style=\"color: #333399;\">A venir :<\/span><\/strong><\/h2>\n<p style=\"text-align: center;\"><span style=\"color: #e32b87;\"><strong>Le Club est actuellement ouvert !\u00a0<\/strong><\/span><\/p>\n<p>\u00a0<\/p>\n<p style=\"text-align: center;\"><a href=\"http:\/\/www.aiton-sc.fr\/wp-content\/uploads\/2023\/02\/ImageProxy.jpg\"><img loading=\"lazy\" class=\"alignnone size-full wp-image-418\" src=\"http:\/\/www.aiton-sc.fr\/wp-content\/uploads\/2023\/02\/ImageProxy.jpg\" alt=\"\" width=\"554\" height=\"424\" srcset=\"https:\/\/www.aiton-sc.fr\/wp-content\/uploads\/2023\/02\/ImageProxy.jpg 554w, https:\/\/www.aiton-sc.fr\/wp-content\/uploads\/2023\/02\/ImageProxy-300x230.jpg 300w\" sizes=\"(max-width: 554px) 100vw, 554px\" \/><\/a><\/p>\n<p style=\"text-align: center;\">\u00a0<\/p>\n<h2><strong><span style=\"color: #333399;\">Les dates importantes pass\u00e9es :<\/span><\/strong><\/h2>\n<p style=\"text-align: center;\">\u00a0<\/p>\n<p>\u00a0<\/p>\n<p style=\"text-align: center;\"><a href=\"http:\/\/www.aiton-sc.fr\/wp-content\/uploads\/2024\/03\/affiche.jpg\"><img loading=\"lazy\" class=\"alignnone size-large wp-image-464\" src=\"http:\/\/www.aiton-sc.fr\/wp-content\/uploads\/2024\/03\/affiche-724x1024.jpg\" alt=\"\" width=\"525\" height=\"743\" srcset=\"https:\/\/www.aiton-sc.fr\/wp-content\/uploads\/2024\/03\/affiche-724x1024.jpg 724w, https:\/\/www.aiton-sc.fr\/wp-content\/uploads\/2024\/03\/affiche-212x300.jpg 212w, https:\/\/www.aiton-sc.fr\/wp-content\/uploads\/2024\/03\/affiche-768x1086.jpg 768w, https:\/\/www.aiton-sc.fr\/wp-content\/uploads\/2024\/03\/affiche-1086x1536.jpg 1086w, https:\/\/www.aiton-sc.fr\/wp-content\/uploads\/2024\/03\/affiche.jpg 1240w\" sizes=\"(max-width: 525px) 100vw, 525px\" \/><\/a><\/p>\n<p>\u00a0<\/p>\n<p style=\"text-align: center;\"><span style=\"color: #ff0000;\"><strong>Le Club sera ferm\u00e9 les samedis 23 &amp; 30 d\u00e9cembre.<\/strong><\/span><\/p>\n<p style=\"text-align: center;\"><strong><span style=\"color: #339966;\">Nous vous souhaitons de tr\u00e8s belles f\u00eates de fin d&rsquo;ann\u00e9e !<\/span><\/strong><\/p>\n<p>\u00a0<\/p>\n<p style=\"text-align: center;\"><a href=\"http:\/\/www.aiton-sc.fr\/wp-content\/uploads\/2023\/12\/images.jpg\"><img loading=\"lazy\" class=\"alignnone  wp-image-458\" src=\"http:\/\/www.aiton-sc.fr\/wp-content\/uploads\/2023\/12\/images.jpg\" alt=\"\" width=\"446\" height=\"216\" srcset=\"https:\/\/www.aiton-sc.fr\/wp-content\/uploads\/2023\/12\/images.jpg 322w, https:\/\/www.aiton-sc.fr\/wp-content\/uploads\/2023\/12\/images-300x145.jpg 300w\" sizes=\"(max-width: 446px) 100vw, 446px\" \/><\/a><\/p>\n<h2>\u00a0<\/h2>\n<p style=\"text-align: center;\">\u00a0<\/p>\n<p><a href=\"http:\/\/www.aiton-sc.fr\/wp-content\/uploads\/2022\/08\/76_chien_qui_lit.jpg\"><img loading=\"lazy\" class=\"wp-image-360 aligncenter\" src=\"http:\/\/www.aiton-sc.fr\/wp-content\/uploads\/2022\/08\/76_chien_qui_lit.jpg\" alt=\"\" width=\"277\" height=\"186\" srcset=\"https:\/\/www.aiton-sc.fr\/wp-content\/uploads\/2022\/08\/76_chien_qui_lit.jpg 500w, https:\/\/www.aiton-sc.fr\/wp-content\/uploads\/2022\/08\/76_chien_qui_lit-300x201.jpg 300w\" sizes=\"(max-width: 277px) 100vw, 277px\" \/><\/a><\/p>\n<h2>\u00a0<\/h2>\n<p>\u00a0<\/p>\n\n\n<figure class=\"wp-block-image size-large\"><img loading=\"lazy\" width=\"724\" height=\"1024\" src=\"http:\/\/www.aiton-sc.fr\/wp-content\/uploads\/2022\/02\/affiche-concours-724x1024.jpg\" alt=\"\" class=\"wp-image-274\" srcset=\"https:\/\/www.aiton-sc.fr\/wp-content\/uploads\/2022\/02\/affiche-concours-724x1024.jpg 724w, https:\/\/www.aiton-sc.fr\/wp-content\/uploads\/2022\/02\/affiche-concours-212x300.jpg 212w, https:\/\/www.aiton-sc.fr\/wp-content\/uploads\/2022\/02\/affiche-concours-768x1086.jpg 768w, https:\/\/www.aiton-sc.fr\/wp-content\/uploads\/2022\/02\/affiche-concours-1086x1536.jpg 1086w, https:\/\/www.aiton-sc.fr\/wp-content\/uploads\/2022\/02\/affiche-concours.jpg 1240w\" sizes=\"(max-width: 724px) 100vw, 724px\" \/><figcaption>Concours Ring Aiton 2022<\/figcaption><\/figure>\n","protected":false},"excerpt":{"rendered":"<p>Ici sont regroup\u00e9es toutes les dates importantes que vous devez retenir. A venir : Le Club est actuellement ouvert !\u00a0 \u00a0 \u00a0 Les dates importantes pass\u00e9es : \u00a0 \u00a0 \u00a0 Le Club sera ferm\u00e9 les samedis 23 &amp; 30 d\u00e9cembre. Nous vous souhaitons de tr\u00e8s belles f\u00eates de fin d&rsquo;ann\u00e9e ! \u00a0 \u00a0 \u00a0 \u00a0 &hellip; <\/p>\n<p class=\"link-more\"><a href=\"https:\/\/www.aiton-sc.fr\/index.php\/informations-dates-importantes-2\/\" class=\"more-link\">Continuer la lecture<span class=\"screen-reader-text\"> de &laquo;&nbsp;Informations importantes&nbsp;&raquo;<\/span><\/a><\/p>\n","protected":false},"author":1,"featured_media":0,"parent":0,"menu_order":0,"comment_status":"closed","ping_status":"closed","template":"","meta":[],"_links":{"self":[{"href":"https:\/\/www.aiton-sc.fr\/index.php\/wp-json\/wp\/v2\/pages\/100"}],"collection":[{"href":"https:\/\/www.aiton-sc.fr\/index.php\/wp-json\/wp\/v2\/pages"}],"about":[{"href":"https:\/\/www.aiton-sc.fr\/index.php\/wp-json\/wp\/v2\/types\/page"}],"author":[{"embeddable":true,"href":"https:\/\/www.aiton-sc.fr\/index.php\/wp-json\/wp\/v2\/users\/1"}],"replies":[{"embeddable":true,"href":"https:\/\/www.aiton-sc.fr\/index.php\/wp-json\/wp\/v2\/comments?post=100"}],"version-history":[{"count":43,"href":"https:\/\/www.aiton-sc.fr\/index.php\/wp-json\/wp\/v2\/pages\/100\/revisions"}],"predecessor-version":[{"id":490,"href":"https:\/\/www.aiton-sc.fr\/index.php\/wp-json\/wp\/v2\/pages\/100\/revisions\/490"}],"wp:attachment":[{"href":"https:\/\/www.aiton-sc.fr\/index.php\/wp-json\/wp\/v2\/media?parent=100"}],"curies":[{"name":"wp","href":"https:\/\/api.w.org\/{rel}","templated":true}]}}